 12.
-13a
What is 205024 (base 7) in base 11?
24614
Convert -59f (base 16) to base 14.
-74b
What is -b2 (base 15) in base 8?
-247
Convert 14297 (base 11) to base 5.
1122223
What is 41770 (base 10) in base 5?
2314040
Convert 122212 (base 3) to base 12.
342
What is 1233101 (base 5) in base 4?
11321113
11010100100 (base 2) to base 3
2022222
Convert ddc (base 14) to base 16.
ab6
Convert 2220001 (base 3) to base 14.
aa7
-528 (base 10) to base 12
-380
-1089 (base 12) to base 13
-ab0
What is -14915 (base 11) in base 7?
-115300
-9235 (base 11) to base 16
-2fe3
-256 (base 7) to base 9
-164
Convert 139 (base 12) to base 13.
117
-665 (base 10) to base 11
-555
Convert 203320 (base 4) to base 6.
14344
Convert -12136 (base 9) to base 15.
-2623
4d5 (base 15) to base 4
101030
What is 50354 (base 6) in base 9?
10067
What is -1001122 (base 3) in base 12?
-545
42 (base 7) to base 9
33
-1232 (base 4) to base 2
-1101110
Convert -176 (base 12) to base 8.
-352
What is 21111220 (base 4) in base 2?
1001010101101000
838 (base 9) to base 7
1664
-a97 (base 11) to base 2
-10100100100
What is -45a (base 13) in base 15?
-351
Convert -2133 (base 7) to base 8.
-1367
What is -11010100111 (base 2) in base 8?
-3247
Convert 659 (base 13) to base 8.
2100
What is 21101 (base 6) in base 3?
10220101
Convert 1a16 (base 13) to base 16.
f42
-146352 (base 8) to base 9
-78856
What is 11310 (base 6) in base 8?
3132
What is 221001 (base 3) in base 8?
1244
Convert 1040204 (base 5) to base 7.
104000
Convert 11332 (base 9) to base 14.
2a82
Convert -22fa (base 16) to base 12.
-5222
What is -296 (base 11) in base 9?
-425
What is -11010010101111 (base 2) in base 9?
-20445
Convert 5 (base 16) to base 6.
5
What is -9470 (base 16) in base 3?
-1221010102
Convert -2129 (base 13) to base 3.
-20022022
What is -380a (base 11) in base 12?
-2a63
-38d9 (base 15) to base 16
-2f61
What is 1022120 (base 3) in base 15?
440
What is -11121 (base 7) in base 13?
-1380
-31322 (base 4) to base 9
-1188
What is 1000111000 (base 2) in base 13?
349
What is -111012 (base 3) in base 4?
-11210
-10210 (base 3) to base 12
-86
120131 (base 4) to base 11
11a3
What is -12204 (base 6) in base 8?
-3414
-20123302 (base 4) to base 8
-103362
-37679 (base 10) to base 15
-b26e
Convert 101100011 (base 2) to base 5.
2410
What is -21120011 (base 4) in base 9?
-57612
What is -6548 (base 9) in base 16?
-12d7
What is 9cd (base 14) in base 16?
799
What is -2824 (base 9) in base 2?
-100001010000
-ce (base 15) to base 6
-522
What is -10000011111010 (base 2) in base 3?
-102120200
Convert 211100200 (base 3) to base 4.
3332223
What is -1002213 (base 6) in base 8?
-134101
What is 2012 (base 3) in base 16?
3b
What is -7148 (base 9) in base 15?
-1838
What is -145c0 (base 13) in base 9?
-57541
518 (base 12) to base 16
2e4
1144014 (base 5) to base 6
244423
What is 19d23 (base 15) in base 3?
11021011120
What is -13443 (base 5) in base 6?
-5111
-6433 (base 8) to base 12
-1b37
Convert 14004 (base 5) to base 11.
937
231121 (base 4) to base 13
1426
24450 (base 6) to base 9
4873
Convert 3443 (base 6) to base 5.
11234
What is 718 (base 12) in base 6?
4432
Convert -9d96 (base 15) to base 12.
-17429
Convert 259 (base 12) to base 16.
165
What is 20604 (base 8) in base 4?
2012010
What is 33212021 (base 4) in base 16?
f989
Convert 3502 (base 11) to base 16.
11f8
Convert 14963 (base 11) to base 9.
31870
7a4 (base 11) to base 16
3c1
What is -12c8 (base 13) in base 12?
-168b
What is -10000101101 (base 2) in base 15?
-4b4
-20432 (base 8) to base 6
-103122
What is 55141 (base 6) in base 15?
23d1
What is -14230 (base 6) in base 15?
-a00
What is 4484 (base 9) in base 4?
303310
What is 13636 (base 8) in base 12?
35ba
What is 2a3 (base 16) in base 2?
1010100011
-148b6 (base 14) to base 7
-302016
What is 1110 (base 6) in base 13?
16b
3021 (base 6) to base 10
661
-123b (base 16) to base 14
-19b5
-3410 (base 5) to base 3
-122210
-10b2 (base 16) to base 6
-31442
1424030 (base 5) to base 3
1112000001
Convert -1004 (base 6) to base 9.
-264
What is 165442 (base 7) in base 6?
413254
Convert -2202 (base 8) to base 16.
-482
What is 12a (base 14) in base 12?
176
Convert 668 (base 14) to base 10.
1268
Convert 247 (base 9) to base 8.
315
Convert 628 (base 14) to base 11.
a02
-555 (base 7) to base 4
-10131
-1122101 (base 3) to base 9
-1571
100100000 (base 2) to base 15
143
Convert -1583 (base 10) to base 8.
-3057
What is -11524 (base 6) in base 4?
-122230
-1634 (base 9) to base 5
-14441
Convert 1138 (base 11) to base 7.
4232
Convert -1346 (base 7) to base 2.
-1000001100
What is 9348 (base 10) in base 4?
2102010
-4959 (base 13) to base 10
-10383
What is -32655 (base 8) in base 14?
-5017
What is c5d (base 14) in base 8?
4603
Convert b7 (base 13) to base 3.
12120
What is 293 (base 10) in base 4?
10211
15687 (base 9) to base 3
112202221
-9217 (base 14) to base 10
-25109
What is 100001001010 (base 2) in base 13?
c73
Convert 301241 (base 5) to base 10.
9571
-21012110 (base 3) to base 16
-1482
Convert -321413 (base 5) to base 11.
-8181
What is -11011001110100 (base 2) in base 9?
-21108
What is -336 (base 10) in base 12?
-240
Convert -2022 (base 10) to base 9.
-2686
5430 (base 7) to base 13
b58
What is -222201 (base 3) in base 6?
-3201
-301605 (base 7) to base 16
-c777
-12211000 (base 3) to base 9
-5730
What is -1100011001010010 (base 2) in base 5?
-3111040
-10213311 (base 4) to base 3
-221222020
Convert -1358 (base 9) to base 16.
-401
Convert 498 (base 11) to base 7.
1503
Convert -329 (base 13) to base 12.
-392
What is 238 (base 16) in base 13?
349
What is 21201 (base 4) in base 3?
211120
6549 (base 10) to base 15
1e19
Convert 34211 (base 5) to base 10.
2431
1508 (base 9) to base 11
949
Convert 207756 (base 8) to base 5.
4211424
21544 (base 9) to base 8
33730
What is 2210011 (base 3) in base 13?
c01
Convert 1102121020 (base 3) to base 2.
110110111101100
10100 (base 4) to base 8
420
-c539 (base 13) to base 7
-142316
What is 3303230 (base 4) in base 11?
10799
What is 10110111100 (base 2) in base 3?
2000101
434 (base 6) to base 8
246
-120233 (base 4) to base 3
-2011122
1011110011111 (base 2) to base 8
13637
-1a (base 13) to base 6
-35
11110000101010 (base 2) to base 5
443102
What is 12713 (base 9) in base 15?
2833
What is -42576 (base 8) in base 9?
-26356
-229 (base 13) to base 3
-111211
Convert 36a2 (base 11) to base 16.
12df
-42 (base 16) to base 4
-1002
What is 59819 (base 10) in base 4?
32212223
Convert cd (base 14) to base 4.
2311
What is 2c28 (base 16) in base 7?
44646
Convert -626 (base 7) to base 15.
-15e
1433 (base 7) to base 4
20303
-3030 (base 4) to base 9
-246
What is 658 (base 9) in base 4?
20123
What is 255523 (base 6) in base 16?
5b0b
What is 16637 (base 9) in base 10?
11455
What is -11112 (base 6) in base 9?
-2118
103535 (base 8) to base 15
a403
-1001001110011 (base 2) to base 5
-122343
-ff (base 16) to base 3
-100110
Convert 17a23 (base 11) to base 4.
12021221
What is -2205 (base 7) in base 8?
-1425
What is -4a (base 13) in base 11?
-57
What is -240 (base 6) in base 12?
-80
Convert 47a (base 11) to base 3.
210011
Convert -12236 (base 9) to base 5.
-230324
Convert -12305 (base 7) to base 3.
-11102222
-571 (base 8) to base 7
-1046
32556 (base 8) to base 2
11010101101110
Convert -40572 (base 8) to base 3.
-211222211
What is 1334 (base 7) in base 2?
1000000011
What is -316 (base 10) in base 7?
-631
302 (base 6) to base 10
110
What is -1101000 (base 3) in base 13?
-5bb
-14313 (base 5) to base 12
-848
-1353501 (base 6) to base 7
-441226
-1b8 (base 15) to base 4
-12032
What is -289 (base 14) in base 4?
-20001
-222001 (base 3) to base 16
-2bf
Convert -364 (base 11) to base 9.
-531
Convert 302200 (base 4) to base 2.
110010100000
What is 20f (base 16) in base 10?
527
Convert -58a (base 11) to base 4.
-22333
6bd (base 15) to base 12
a74
What is 450142 (base 6) in base 10?
37646
Convert 8241 (base 14) to base 4.
11132001
-665 (base 10) to base 12
-475
What is -9b65 (base 13) in base 4?
-11103103
What is 170 (base 9) in base 7?
264
203100 (base 4) to base 14
b72
Convert 254 (base 10) to base 2.
11111110
What is -12a (base 11) in base 5?
-1103
What is 303310 (base 4) in base 10?
3316
9851 (base 15) to base 13
118ab
What is 126801 (base 9) in base 12?
3880a
What is -101a8 (base 12) in base